en thousands digit of 36881?
3
What is the tens digit of 767?
6
What is the units digit of 5969?
9
What is the units digit of 62146?
6
What is the thousands digit of 11619?
1
What is the tens digit of 892?
9
What is the thousands digit of 20739?
0
What is the hundreds digit of 158?
1
What is the hundreds digit of 5687?
6
What is the thousands digit of 51291?
1
What is the thousands digit of 2102?
2
What is the tens digit of 1905?
0
What is the thousands digit of 3903?
3
What is the tens digit of 38545?
4
What is the tens digit of 7781?
8
What is the units digit of 34882?
2
What is the units digit of 2019?
9
What is the units digit of 62112?
2
What is the tens digit of 80335?
3
What is the thousands digit of 33769?
3
What is the tens digit of 84788?
8
What is the tens digit of 2372?
7
What is the units digit of 53726?
6
What is the hundreds digit of 604?
6
What is the thousands digit of 7538?
7
What is the hundreds digit of 1036?
0
What is the units digit of 44015?
5
What is the thousands digit of 3502?
3
What is the units digit of 2619?
9
What is the tens digit of 2198?
9
What is the units digit of 20781?
1
What is the thousands digit of 1522?
1
What is the tens digit of 12839?
3
What is the tens digit of 931?
3
What is the thousands digit of 26566?
6
What is the thousands digit of 13498?
3
What is the thousands digit of 1745?
1
What is the tens digit of 8163?
6
What is the hundreds digit of 16719?
7
What is the ten thousands digit of 25333?
2
What is the thousands digit of 3507?
3
What is the hundreds digit of 1637?
6
What is the tens digit of 12365?
6
What is the units digit of 16489?
9
What is the units digit of 1315?
5
What is the tens digit of 8534?
3
What is the tens digit of 486?
8
What is the units digit of 7033?
3
What is the ten thousands digit of 63870?
6
What is the hundred thousands digit of 104510?
1
What is the tens digit of 504?
0
What is the ten thousands digit of 29076?
2
What is the thousands digit of 8721?
8
What is the hundreds digit of 151?
1
What is the ten thousands digit of 37370?
3
What is the tens digit of 1498?
9
What is the hundreds digit of 4193?
1
What is the thousands digit of 39238?
9
What is the units digit of 641?
1
What is the units digit of 5049?
9
What is the hundreds digit of 5813?
8
What is the ten thousands digit of 20698?
2
What is the hundreds digit of 1682?
6
What is the thousands digit of 6549?
6
What is the tens digit of 13?
1
What is the thousands digit of 3914?
3
What is the hundreds digit of 341?
3
What is the tens digit of 19683?
8
What is the ten thousands digit of 67128?
6
What is the hundreds digit of 9866?
8
What is the units digit of 979?
9
What is the tens digit of 2274?
7
What is the thousands digit of 9762?
9
What is the hundreds digit of 74469?
4
What is the thousands digit of 3605?
3
What is the units digit of 88?
8
What is the hundreds digit of 6381?
3
What is the units digit of 6574?
4
What is the units digit of 608?
8
What is the thousands digit of 12253?
2
What is the tens digit of 61253?
5
What is the thousands digit of 2365?
2
What is the units digit of 5221?
1
What is the thousands digit of 14123?
4
What is the tens digit of 6160?
6
What is the hundreds digit of 473?
4
What is the units digit of 1345?
5
What is the thousands digit of 2138?
2
What is the thousands digit of 1158?
1
What is the thousands digit of 20768?
0
What is the tens digit of 297?
9
What is the hundreds digit of 220?
2
What is the hundreds digit of 6258?
2
What is the units digit of 31532?
2
What is the hundreds digit of 483?
4
What is the hundreds digit of 93880?
8
What is the units digit of 2780?
0
What is the thousands digit of 13378?
3
What is the hundreds digit of 36508?
5
What is the tens digit of 2046?
4
What is the hundreds digit of 16449?
4
What is the hundreds digit of 580?
5
What is the tens digit of 78?
7
What is the ten thousands digit of 24500?
2
What is the thousands digit of 1611?
1
What is the units digit of 4773?
3
What is the thousands digit of 1006?
1
What is the thousands digit of 91895?
1
What is the units digit of 63092?
2
What is the hundreds digit of 968?
9
What is the hundreds digit of 380?
3
What is the ten thousands digit of 25182?
2
What is the thousands digit of 5124?
5
What is the thousands digit of 5243?
5
What is the thousands digit of 5155?
5
What is the hundreds digit of 2390?
3
What is the hundreds digit of 1536?
5
What is the tens digit of 4558?
5
What is the units digit of 3177?
7
What is the tens digit of 3310?
1
What is the units digit of 45358?
8
What is the units digit of 4339?
9
What is the tens digit of 11365?
6
What is the thousands digit of 1084?
1
What is the hundreds digit of 2550?
5
What is the tens digit of 2844?
4
What is the hundreds digit of 1838?
8
What is the units digit of 3002?
2
What is the tens digit of 7257?
5
What is the units digit of 750?
0
What is the tens digit of 8208?
0
What is the hundreds digit of 1752?
7
What is the tens digit of 7896?
9
What is the thousands digit of 7829?
7
What is the units digit of 368?
8
What is the tens digit of 840?
4
What is the tens digit of 3566?
6
What is the tens digit of 40458?
5
What is the ten thousands digit of 49615?
4
What is the units digit of 403?
3
What is the ten thousands digit of 98581?
9
What is the thousands digit of 164592?
4
What is the ten thousands digit of 58479?
5
What is the ten thousands digit of 13420?
1
What is the tens digit of 1041?
4
What is the tens digit of 18658?
5
What is the hundreds digit of 33823?
8
What is the thousands digit of 49100?
9
What is the units digit of 1391?
1
What is the tens digit of 145101?
0
What is the thousands digit of 4032?
4
What is the thousands digit of 3380?
3
What is the hundreds digit of 1197?
1
What is the units digit of 835?
5
What is the thousands digit of 4390?
4
What is the ten thousands digit of 157032?
5
What is the thousands digit of 1532?
1
What is the tens digit of 11079?
7
What is the tens digit of 12664?
6
What is the tens digit of 322?
2
What is the units digit of 13844?
4
What is the ten thousands digit of 16533?
1
What is the hundreds digit of 121?
1
What is the hundreds digit of 12447?
4
What is the thousands digit of 4975?
4
What is the hundreds digit of 12318?
3
What is the tens digit of 3081?
8
What is the hundreds digit of 27718?
7
What is the hundreds digit of 160?
1
What is the hundreds digit of 3811?
8
What is the tens digit of 303?
0
What is the hundreds digit of 9218?
2
What is the tens digit of 1730?
3
What is the tens digit of 4667?
6
What is the hundreds digit of 687?
6
What is the hundreds digit of 7748?
7
What is the thousands digit of 57508?
7
What is the tens digit of 8349?
4
What is the hundreds digit of 2217?
2
What is the units digit of 179?
9
What is the tens digit of 10992?
9
What is the thousands digit of 14793?
4
What is the tens digit of 32007?
0
What is the hundreds digit of 9111?
1
What is the tens digit of 11570?
7
What is the units digit of 4145?
5
What is the tens digit of 2784?
8
What is the ten thousands digit of 29005?
2
What is the hundreds digit of 3514?
5
What is the thousands digit of 1929?
1
What is the thousands digit of 5990?
5
What is the thousands digit of 9703?
9
What is the tens digit of 24853?
5
What is the hundreds digit of 5671?
6
What is the thousands digit of 1214?
1
What is the thousands digit of 2649?
2
What is the units digit of 1058?
8
What is the tens digit of 6901?
0
What is the units digit of 839?
9
What is the tens digit of 2516?
1
What is the units digit of 6369?
9
What is the ten thousands digit of 64019?
6
What is the units digit of 49007?
7
What is the hundreds digit of 2950?
9
What is the tens digit of 3281?
8
What is the tens digit of 6083?
8
What is the thousands digit of 2707?
2
What is the thousands digit of 8361?
8
What is the tens digit of 2415?
1
What is the units digit of 1106?
6
What is the tens digit of 2343?
4
What is the tens digit of 2592?
9
What is the tens digit of 5189?
8
What is the thousands digit of 2310?
2
What is the hundreds digit of 127527?
5
What is the ten thousands digit of 28552?
2
What is the hundreds digit of 1061?
0
What is the hundreds digit of 3701?
7
What is the hundreds digit of 6719?
7
What is the thousands digit of 4302?
4
What is the u